 Is z(j) a prime number?
False
Suppose 0*s = -2*s + 382. Is s composite?
False
Let x(p) = 6*p**2 - 7*p + 3. Is x(8) a prime number?
True
Let z(o) = o + 2 + 116 - 7. Is z(0) a prime number?
False
Is 79/(3/165 + (-8)/(-44)) a prime number?
False
Let i(u) = -u**2 + 8*u + 8. Let c be i(9). Is (-66)/(c - 2) + 1 prime?
True
Suppose 7*t - 2*t - 565 = 0. Is t a prime number?
True
Let f be (-82)/(-3) + (-4)/(-6). Suppose -f = 2*w + 18. Let y = -14 - w. Is y a prime number?
False
Let l(k) = 17*k**2 - 7*k + 29. Is l(12) a prime number?
True
Let z = -6 - -8. Suppose -z*n + 3 = -5. Let k = 6 - n. Is k a prime number?
True
Let l(o) = 6*o**2 - 19*o - 23. Is l(-12) a composite number?
False
Suppose -5*u = -u - 140. Suppose -3*p + u = -z, 2*z = 2*p - 3*z - 6. Suppose -l + 12 + p = 0. Is l a prime number?
False
Let a = -3 + 6. Let u(y) = 0*y + 1 + 7*y - 1 - 2. Is u(a) a prime number?
True
Let l = 210 + 307. Is l a prime number?
False
Suppose -9*n - 49 = -175. Is n a composite number?
True
Let q = 8 + 38. Suppose u = -4*s - 0*u + 36, u = -5*s + q. Is s prime?
False
Suppose -3*g - 20 = -8*g. Is (2/g)/(1/12) prime?
False
Let t(g) = g**2 - 10*g + 12. Let h be t(8). Let z(q) = 2*q**2 + q - 3. Let c be z(h). Is (-1 - -2)*-2 + c a prime number?
True
Suppose d - 20 = 5*d, d = -5*c + 15. Suppose w + c*w = 235. Is w a composite number?
False
Let t = 429 - 266. Is t composite?
False
Let q(z) be the third derivative of z**5/30 - z**4/4 - z**3/6 - 5*z**2. Is q(7) composite?
True
Let q(x) = 4*x**2 + x - 1. Suppose 0 = -5*p - 2*k - 14, -6*k - 2 = -4*p - k. Is q(p) composite?
False
Let c(u) = 4*u**2 + u - 1. Let x be c(1). Suppose g = 4*s + 16, -3*g + x*s + 8 + 8 = 0. Suppose -2*d + 208 - 50 = g. Is d composite?
False
Suppose 4*y - 3*h - 2*h + 12 = 0, 22 = y + 5*h. Suppose -2*s = 3*t - 275, -t - 271 = -4*t + y*s. Is t prime?
False
Let m = -967 + 1479. Let w = m - 355. Is w a prime number?
True
Let u(v) = -7*v - 71. Is u(-24) prime?
True
Let g = 6 - 29. Let x = -15 - g. Suppose 6*p - x*p = -66. Is p a prime number?
False
Suppose 3*o - 45 = -0*o. Suppose 5*z = -o - 15. Is (2/1)/(z/(-105)) composite?
True
Suppose -3*k - 2*w + 4*w = -4219, 4*k + w = 5640. Is k prime?
True
Is 26/91 + 3678/14 prime?
True
Suppose w + 3*w = 24. Suppose -2*x = -4*t + 48, 2*t - x = 3*t - w. Is t a composite number?
True
Suppose 0 + 3 = -3*o. Let w(m) = -3*m - 5. Let x be w(-4). Let q = x + o. Is q prime?
False
Suppose 12*k - 16*k = -64. Is (-1)/(-2) - (-1416)/k prime?
True
Let v be (-2)/(-4) - (-8763)/6. Suppose 5*l - 764 - v = 0. Suppose 5*o - l = x, -5*x + 445 = 5*o - 0*o. Is o composite?
False
Suppose 2*a - 2597 = -5*a. Is a prime?
False
Suppose 5*d + i = -785 + 6872, -5*d = -3*i - 6079. Is d composite?
False
Let l be (-4)/(-2) - 0/3. Suppose -l*m + 142 = 28. Suppose -5*o - 15 = 0, -o + m = 2*x + 2*o. Is x prime?
False
Suppose -3 = -3*k + 42. Suppose 0 = 3*l - k, -3*l + 0*l = -2*a + 339. Is a a prime number?
False
Is 3/(3*2/526) composite?
False
Is ((-10)/3)/((-22)/2013) a prime number?
False
Let a be 6/7*(8 + -1). Suppose 2*w = -o - a - 9, 4*o = -w - 4. Let v = w + 11. Is v a prime number?
True
Suppose -12 = -4*l - 0*l. Suppose 4*r = 2*u + 196, -l*u + 39 = r - u. Is r a prime number?
True
Let f(p) = p + 2. Let d be f(-6). Let a = 7 + d. Is (13/3)/(a/9) a composite number?
False
Suppose 3*t + 3*v - 924 = 0, 3*t + 2*v = -0*v + 921. Is t a composite number?
True
Suppose -5 = d + 3*f, 3*f - 1 = -4*d + 15. Is (-2 + 1)/(d/(-3269)) prime?
True
Suppose -y - n = -3, 5*n - 13 = -2*y + 2. Suppose 4*t + 69 = s, y = 5*s - s - 5*t - 232. Is s composite?
False
Let p(h) = -h**2 - 7*h - 3. Let c be p(-6). Suppose c*v = 2*v. Suppose v = 2*x - x - 3*w - 34, 0 = 2*x - 5*w - 69. Is x prime?
True
Let u = -68 - -195. Is u prime?
True
Suppose -2*c + 128 = a, -a + 2*a + 262 = 4*c. Suppose f + 165 + c = 2*s, 0 = -2*s - f + 222. Is s composite?
False
Let h = -148 + -218. Let v = -187 - h. Is v composite?
False
Let r = 8 + -4. Suppose -m = r*m - 30. Is m a prime number?
False
Let d(q) = q + 5. Let u be d(-3). Suppose u*v = -2*v + 212. Suppose 0 = k + 4, -v = -4*z - 4*k + 35. Is z composite?
True
Let h = -5 + 4. Let c be (-15)/10*h*2. Is -4*4/((-16)/c) a prime number?
True
Suppose 0*g + g = 4. Suppose g*l - 3*n = n + 2152, 2*l - 1070 = 4*n. Is l a prime number?
True
Suppose -4*s = -2*n - 30, -s + 0*n - 20 = 5*n. Suppose s*f = -q + 5 + 7, q - 10 = -3*f. Is q composite?
False
Suppose -3*s - 3*m + 11 = -2*s, 4*s = -2*m + 24. Suppose 212 = s*y - y. Is y a prime number?
True
Is (-53)/(((-8)/4)/2) composite?
False
Let w be (0 - (-210)/4)*2. Suppose 2*z - w = -z. Is z a prime number?
False
Let c(r) = -15*r - 9. Is c(-10) a prime number?
False
Suppose 5978 = 3*q + 5*i, -4*q + 3*q - 4*i + 2002 = 0. Let m be (-4)/14 + q/42. Suppose -m = -2*a - 9. Is a a prime number?
True
Let j = 649 - 438. Is j prime?
True
Let s(d) = -23*d + 1. Is s(-14) a composite number?
True
Let v be 6/4*14/(-21). Let i = 8 - v. Let z = 32 - i. Is z a prime number?
True
Let m = -11 - -644. Is m prime?
False
Suppose 0*a - 2*a + 1590 = 0. Suppose -4*w = w - a. Is w a composite number?
True
Is 4 + (-4)/2 - -177 prime?
True
Let o(g) be the third derivative of -g**6/120 - 7*g**5/60 + 7*g**4/12 + 11*g**3/6 - 17*g**2. Let f be 6/1*(-9)/6. Is o(f) a composite number?
False
Suppose 2 = -w + 2*w. Let h(o) = -o**2 + o + 1. Let u(a) = 5*a**2 + 5*a - 1. Let l(k) = -2*h(k) + u(k). Is l(w) prime?
True
Let x = 34 + 21. Suppose -v = -x - 12. Is v a composite number?
False
Let o(b) = 3*b**3 + b + 3. Let z be o(-3). Is (-4)/18 + (-21807)/z a prime number?
True
Suppose -5*j - 3 = -18. Suppose j*d + d = 2*l - 74, -3*l - 2*d + 103 = 0. Is l a prime number?
False
Suppose -19*u + 6172 = -15*u. Is u prime?
True
Suppose 3*x - 738 = -3*x. Is x composite?
True
Let t = -558 + 781. Is t a composite number?
False
Let d be (-1 - -1) + (-23)/(-1). Let v be 32 + 7/(21/9). Let s = v + d. Is s a composite number?
True
Let w(y) = y**3 + 3*y**2 - y + 2. Let z be w(-8). Let u = 211 + z. Let q = -64 - u. Is q prime?
False
Suppose 5*i - 3*i - 410 = 0. Is i prime?
False
Suppose -4*l = d - 310, -3*l - 4*d = -249 + 10. Is l a composite number?
True
Is 9/(-18) + 2526/4 a composite number?
False
Is 4/34 + (-25666)/(-34) a composite number?
True
Let m(c) = c**3 - 5*c**2 - 5*c - 1. Let r be m(6). Let y = 57 + -27. Suppose -y = -0*v - r*v. Is v prime?
False
Let l be ((-3)/9)/(2/18). Let b = l - -7. Suppose 2*s - 3*k = 107, b*s + s = -k + 242. Is s a prime number?
False
Let r be (0 + 1)*(-3 - -2). Let g be r*(-55)/2*-2. Let i = g - -78. Is i a prime number?
True
Let t(o) be the first derivative of 61*o**3/3 + 2*o**2 + 2. Let a be t(-5). Suppose 5*i + 4*q - a = 2*q, -i + 2*q + 301 = 0. Is i a prime number?
False
Let z be (-2)/11 + (-52)/(-44). Is (9/(-2) - z)*-10 a composite number?
True
Suppose -991 = -2*j + 91. Is j a prime number?
True
Let y(z) = -1. Let w(h) be the third derivative of -h**4/12 + h**3/6 - h**2. Let n(k) = -w(k) + 2*y(k). Is n(5) a prime number?
True
Suppose 0 = o - 0*o. Suppose 5*z - 451 = -2*s, 2*s = 2*z - o*s - 172. Is z composite?
False
Suppose -4*n + 4*k + 1376 = 0, 4*n + 0*k + k = 1371. Suppose -n - 175 = -2*a. Is a a prime number?
False
Suppose -4*w = 2*b - 8, 5*b + 25 = 5*w - 0*b. Suppose 3*c + t - 460 = 0, w*c - t - 24 = 446. Is c prime?
False
Suppose -v + 1269 - 86 = -2*l, 0 = -5*v + l + 5906. Is v prime?
True
Let b(w) = 37*w**3 - 3*w**2 + w + 1. Let n be (4/(-12))/((-1)/6). Is b(n) a prime number?
False
Let s(u) = 119*u. Is s(1) a prime number?
False
Is 2/(-9) + 95012/36 + -8 prime?
False
Let z be (2/(-6))/(2/(-12)). Suppose -z*i + 7 = -i. Suppose -i*o = -3*o - 100. Is o composite?
True
Let w(q) = 3*q**2 + q. Let i be w(-1). Is (-3)/i*(-145 - -3) a composite number?
True
Let k = 103 - 54. Is k prime?
False
Let h = -12 + 7. Let i = -3 - h. Is (-4)/i*(-94)/4 a prime number?
True
Suppose 0 = -4*h - 6 + 14. Suppose 9 = h*l - 7. Is ((-124)/l)/(1/(-2)) prime?
True
Let r(h) = h**3 + 11*h**2 - 2*h - 14. Suppose 2*v + 17 = -3*p, -p = -2*v + 9 - 30. Let t be r(v). Suppose 3*u - 5*u = -t. Is u a composite number?
False
Let l(n) = -n**3 - 3*n**2 - 7*n + 2. Let i(o) = 6*o**3 + 14*o**2 + 34*o - 9. Let s(d) = -2*i(d) - 11*l(d). Is s(6) prime?
False
Let g be 207/2*4/(-2). Let t = g - -318. Is t a 